at is l(17)?
-752
Let v(d) = -1490*d + 518523. Calculate v(348).
3
Let s(b) = 33*b**3 + 65*b**2 - 233*b - 397. Calculate s(-3).
-4
Let t(i) = 14*i**2 - 261*i - 4773. Calculate t(30).
-3
Let y(p) = -p**3 - 132*p**2 - 186*p - 4591. Give y(-131).
2614
Let g(w) = 4616*w + 110707. Give g(-24).
-77
Let t(o) = -6*o**3 + 1555*o**2 + 1304*o - 1133. Give t(260).
-93
Let x(k) = 1686*k - 13179. Give x(8).
309
Let n(f) = 109*f**2 + 2865*f - 2968. Give n(1).
6
Let s(w) = 2*w**3 - 410*w**2 + 19388*w - 49. Calculate s(74).
-49
Let t(b) = 2*b**3 + 112*b**2 + 1375*b - 27. Calculate t(-15).
-2202
Let u(l) = 2160*l - 1853283. What is u(858)?
-3
Let v(q) = -32169*q - 3. Calculate v(0).
-3
Let q(l) = -33*l**2 - 6373*l - 50849. Give q(-8).
-1977
Let r(w) = 897*w - 4485. Give r(5).
0
Let r(l) = 1127*l + 7401. Determine r(-6).
639
Let r(m) = 3*m**3 + 3*m**2 - 12*m + 11. Calculate r(2).
23
Let y(q) = 2457*q + 44059. Give y(-18).
-167
Let s(l) = -l**2 - 926*l + 72953. Give s(73).
26
Let l(x) = 1308*x - 1188. Calculate l(-2).
-3804
Let u(b) = b**3 + 59*b**2 - 632*b - 1496. Give u(-2).
-4
Let z(v) = -v**3 + 137*v**2 - 4599*v + 2309. Give z(57).
86
Let v(i) = 24*i + 93. What is v(11)?
357
Let i(j) = 25*j**2 - 1225*j + 9003. Calculate i(9).
3
Let j(q) = -4*q**3 - 135*q**2 + 142*q + 29. Determine j(-35).
1184
Let d(s) = -47645*s + 47644. What is d(1)?
-1
Let u(a) = 1777*a + 3721. Calculate u(-2).
167
Let a(k) = -12*k**2 + 1199*k - 4732. What is a(4)?
-128
Let b(l) = -l**3 + 16*l**2 + 2765*l - 39220. Give b(14).
-118
Let r(g) = -10341*g - 423969. Calculate r(-41).
12
Let u(a) = -21216*a - 763761. What is u(-36)?
15
Let w(b) = 8605*b + 12593. What is w(-2)?
-4617
Let y(v) = v**3 + 17*v**2 + 66*v + 580. Give y(-15).
40
Let d(n) = 3*n**3 + 802*n**2 + 257*n - 201. Calculate d(-267).
2469
Let x(n) = n**3 + 27*n**2 - 149*n - 232. What is x(-26)?
4318
Let g(n) = n**3 + 6*n**2 + 18*n + 751. Calculate g(-12).
-329
Let r(b) = -2*b**3 + 26*b**2 - 161*b + 1411. Determine r(11).
124
Let f(w) = -w**2 - 54*w + 6272. Determine f(60).
-568
Let i(a) = a**2 - 5961*a + 207413. Give i(35).
3
Let o(k) = 15028*k - 375672. Determine o(25).
28
Let r(g) = 3*g**3 - 8*g**2 - 19031*g + 114230. Give r(6).
404
Let c(q) = 53*q**2 + 150*q + 513. Give c(-3).
540
Let s(x) = 4830*x + 31980. Give s(-7).
-1830
Let j(c) = -9845*c + 48725. Calculate j(5).
-500
Let i(h) = 2*h**3 - 48805*h**2 - 146427*h - 10. Calculate i(-3).
-28
Let a(s) = -5*s**3 + 241*s**2 - 2315*s + 123056. What is a(49)?
17
Let t(l) = -40994*l - 737891. Calculate t(-18).
1
Let h(l) = 4*l**2 - 755*l + 20937. Give h(155).
12
Let q(n) = -21*n**2 - 904*n + 52. Calculate q(-43).
95
Let s(a) = -1149*a**2 - 56302*a - 49. Determine s(-49).
0
Let m(a) = a**3 + 3208*a**2 - 2141*a - 6868327. What is m(-3208)?
1
Let h(z) = -3*z**3 + 749*z**2 + 7255*z - 796. Give h(259).
-19
Let k(b) = b**3 - 23*b**2 - 59*b + 533. What is k(25)?
308
Let f(n) = 1690*n**2 + 162238*n - 161. Calculate f(-96).
31
Let d(b) = b**2 + 63*b - 137. What is d(4)?
131
Let y(w) = -20843*w - 2751422. What is y(-132)?
-146
Let f(m) = -514*m - 5584. Give f(-11).
70
Let r(x) = 2*x**3 + 71*x**2 + 711*x + 1837. Calculate r(-4).
1
Let g(l) = 6681*l + 113581. Give g(-17).
4
Let m(b) = b**2 + 155*b + 10450. Give m(-40).
5850
Let p(a) = -40*a**2 + 51*a - 53. What is p(1)?
-42
Let i(q) = -q**3 - 20*q**2 - 38*q + 272. What is i(-17)?
51
Let s(z) = 9*z**2 + 94*z + 370. Determine s(-7).
153
Let b(o) = -6*o**3 - 948*o**2 - 29225*o + 284. Determine b(-42).
-10
Let o(m) = -3*m**3 + 161*m**2 - 718*m - 36. Determine o(5).
24
Let z(n) = -n**2 - 1634*n - 25890. What is z(-16)?
-2
Let l(n) = n**2 + 561*n + 34345. Calculate l(-70).
-25
Let o(r) = 66*r**2 + 2290*r - 4582. Determine o(2).
262
Let k(i) = 8*i**2 - 547*i - 2941. Give k(-5).
-6
Let k(b) = -5*b**3 - 309*b**2 + 53*b - 86. Calculate k(-62).
472
Let q(r) = 171*r**2 - 1040*r - 34. Give q(6).
-118
Let j(l) = -320*l - 2475. Calculate j(-10).
725
Let h(b) = -352*b - 17039. Determine h(-49).
209
Let j(y) = -8*y**3 + 1142*y**2 + 287*y - 140. Determine j(143).
3
Let h(l) = -2*l**2 + 19*l + 15734. Determine h(-84).
26
Let v(y) = -90916*y + 1181924. Determine v(13).
16
Let m(o) = 24*o**2 + 844*o - 92. What is m(-37)?
1536
Let x(s) = 555*s + 47714. Give x(-86).
-16
Let g(c) = 3*c**3 + 635*c**2 - 6709*c + 24. What is g(10)?
-566
Let v(j) = 147*j**2 + 1060*j + 215. Determine v(-7).
-2
Let a(s) = 189*s + 24723. Calculate a(-132).
-225
Let a(v) = -459*v**2 + 10248*v - 40983. Give a(4).
-7335
Let s(v) = -v**2 + 546627*v - 3279766. What is s(6)?
-40
Let f(h) = 173*h - 23288. Determine f(132).
-452
Let c(b) = 943*b - 9203. What is c(10)?
227
Let z(w) = 9*w**2 + 1918*w - 13883. Give z(7).
-16
Let b(f) = -f**3 + 18*f**2 - 7*f + 198. What is b(17)?
368
Let m(t) = 5831*t + 1142767. Determine m(-196).
-109
Let q(m) = -8*m**3 + 8*m**2 + 243*m + 12. Calculate q(0).
12
Let r(v) = -20*v**3 + 158*v**2 - 100*v - 189. Calculate r(7).
-7
Let b(u) = -2*u**3 - 172*u**2 - 2223*u + 280. Calculate b(-16).
8
Let d(p) = -10755*p + 881900. Determine d(82).
-10
Let q(m) = -2*m**3 + 161*m**2 - 4945*m + 407095. Calculate q(81).
-11
Let o(x) = x**3 + 3474*x**2 - 45338*x + 11. Give o(13).
-80
Let i(x) = -208306*x - 1874753. Calculate i(-9).
1
Let k(d) = 348*d - 80030. Determine k(230).
10
Let k(l) = 3*l**3 + 1980*l**2 - 34541*l + 25. What is k(17)?
-213
Let a(x) = 3*x**2 - 2462*x + 140426. Give a(759).
11
Let d(x) = -x**3 + 82*x**2 + 67*x + 1259. Give d(83).
-69
Let s(j) = -119*j**2 + 10355*j - 145. Give s(87).
29
Let h(g) = 9084*g + 45428. Calculate h(-5).
8
Let d(j) = 6476*j - 939353. Determine d(145).
-333
Let u(w) = -584*w - 21661. Calculate u(-37).
-53
Let s(j) = -2*j**3 - 696*j**2 + 620*j - 27231. Determine s(-349).
-9
Let z(u) = -782*u - 105792. Determine z(-135).
-222
Let o(f) = -f**3 - 7733*f**2 + 38684*f + 22. What is o(5)?
-8
Let u(c) = -2*c**3 - 960*c**2 + 67211*c + 1623. Calculate u(-542).
-3
Let q(u) = -2*u**3 - 2*u**2 + 173*u + 809. What is q(-6)?
131
Let n(y) = -2*y**3 + 173*y**2 + 6*y - 7885. What is n(86)?
27
Let z(d) = 3*d**3 - 9*d**2 - 42*d + 92. What is z(2)?
-4
Let z(g) = -g**3 + 17*g**2 + 5*g - 127. What is z(12)?
653
Let d(n) = 128*n - 186. Determine d(1).
-58
Let u(g) = 2*g**3 - 2658*g**2 - 56704*g + 5404. What is u(1350)?
4
Let j(l) = -198*l**3 - 2776*l**2 - 90*l - 393. Give j(-14).
83
Let m(j) = -j**3 + 18*j**2 + 287*j + 502. What is m(-9)?
106
Let y(a) = -a**2 + 407*a + 11248. Determine y(-26).
-10
Let f(c) = -c**3 + 4*c**2 + 890*c - 5232. What is f(6)?
36
Let h(n) = 101271*n + 3240673. Give h(-32).
1
Let g(r) = r**2 + 100*r + 590. Determine g(-93).
-61
Let x(q) = -q**3 + 774*q**2 - 46727*q - 165. What is x(66)?
-99
Let q(l) = 3*l**2 - 1168*l - 70321. What is q(-53)?
10
Let h(i) = -10*i**2 + 238*i - 1237. Give h(23).
-1053
Let n(m) = 4172*m - 8694. Give n(2).
-350
Let w(k) = 6*k**3 + 683*k**2 - 825*k - 470. Determine w(-115).
1830
Let t(d) = -3*d**2 + 165437*d - 1654064. Calculate t(10).
6
Let d(n) = n**3 - 31*n**2 + 189*n + 10. What is d(9)?
-71
Let y(n) = n**3 - 27*n**2 + 94*n + 140. Give y(23).
186
Let x(j) = -j**3 - 109*j**2 - 1907*j - 105. Give x(-87).
-714
Let j(h) = -28373*h - 539082. Determine j(-19).
5
Let n(t) = 1614*t - 8087. Determine n(5).
-17
Let g(w) = 107*w - 668. Calculate g(10).
402
Let i(b) = -11*b - 1390. Determine i(-7).
-1313
Let z(f) = -6*f**3 - 25*f**2 + 167*f - 12. Give z(4).
-128
Let d(f) = f**3 + 197*f**2 + 774*f + 440. Determine d(-193).
54
Let m(z) = -z**3 + 161*z**2 - 943*z + 2017. What is m(155)?
2
Let l(m) = -m**2 - 1693*m + 1759343. Calculate l(727).
3
Let l(p) = 295*p + 12745. Determine l(-43).
60
Let z(n) = -n**2 + 1474*n + 2682444. Give z(-1059).
-3
Let p(i) = 3*i**3 + 62*i**2 - 89*i - 26. Determine p(-22).
-4
Let v(a) = 4*a**2 + 31*a - 2619. Determine v(22).
-1
Let c(o) = -57*o**2 - 795*o + 3105. Give c(4).
-987
Let k(i) = 185*i + 7825. Determine k(-52).
-1795
Let y(l) = l**3 + 717*l**2 - 7971*l - 408. Determine y(11).
-1
Let i(g) = -100*g**3 + 17*g**2 + 250*g - 999. Give i(4).
-6127
Let u(o) = -73*o**2 + 2997*o - 30. Give u(41).
134
Let s(d) = -1647*d + 263869. What is s(160)?
349
Let z(x) = -719915*x - 58313108. What is z(-81)?
7
Let g(s) = 3819*s - 706505. What is g(185)?
10
Let j(s) = 1492*s - 3962. Calculate j(4).
2006
Let